1723?
10987
In base 10, what is -276 - 574900?
-575176
In base 4, what is 233122 + 1110101?
2003223
In base 16, what is -25 - -10ce9?
10cc4
In base 6, what is -312055205 - 3?
-312055212
In base 11, what is 68a3926 - 1?
68a3925
In base 14, what is -1244 - -1837?
5d3
In base 6, what is 420152120 + 1?
420152121
In base 2, what is 1110 - -1100010000111101111?
1100010000111111101
In base 10, what is 72328617 - 3?
72328614
In base 8, what is 5451 - -62775?
70446
In base 10, what is -906 - -8871?
7965
In base 5, what is 10 + 14231011401?
14231011411
In base 3, what is -102202201 + -122221?
-110102122
In base 15, what is -7a384a + -9?
-7a3854
In base 10, what is -121770 - 1132?
-122902
In base 12, what is -7 - -662418?
662411
In base 9, what is -3372 - 23464?
-26846
In base 7, what is 2416 - -6650?
12366
In base 11, what is -1 + 27366764?
27366763
In base 13, what is -187486 + -85?
-18753b
In base 6, what is -5 + 2241225445?
2241225440
In base 7, what is -16266 + -54412?
-104011
In base 8, what is -4 + -43253116?
-43253122
In base 2, what is 100010101010010010111011110100 - -1?
100010101010010010111011110101
In base 15, what is 11dcdb + -2c?
11dcae
In base 11, what is 2 - 1795895?
-1795893
In base 8, what is -224226 - 3036?
-227264
In base 9, what is -81 - 1031426?
-1031517
In base 16, what is 1f3 + 1fbc1?
1fdb4
In base 10, what is 1742 + 3236?
4978
In base 3, what is -1112 - -10120202110202?
10120202102020
In base 13, what is 2b78c - -17?
2b7a6
In base 9, what is -6167 + -318488?
-325666
In base 16, what is -68143 + 501?
-67c42
In base 4, what is 2132233113 + -122?
2132232331
In base 2, what is -11011000000 - -1000001001100011100?
1000000110001011100
In base 8, what is -3013204 + 125?
-3013057
In base 13, what is 8b4ca + 57c?
8ba79
In base 12, what is 0 + 2080779?
2080779
In base 13, what is -5892 + 46c9?
-1196
In base 7, what is -4 - 1142563?
-1142600
In base 14, what is ca - 4780?
-4694
In base 12, what is -3594a6 - -26?
-359480
In base 5, what is -210 + -1401440210?
-1401440420
In base 5, what is 10114 - -43330314?
43340433
In base 6, what is 43 - 243431154?
-243431111
In base 3, what is 111221121210220 + 1200?
111221121212120
In base 11, what is -14 - -10746411?
107463a8
In base 12, what is -170569a - -94?
-1705606
In base 15, what is 455a8 - -51c?
45ac5
In base 14, what is -11191 + 31d2?
-bd9d
In base 9, what is -1444330 - -31?
-1444288
In base 15, what is -1b + b474?
b458
In base 2, what is 10101100011100001110 + -110100?
10101100011011011010
In base 11, what is -1234 + -19321?
-1a555
In base 14, what is -4 + 853a37?
853a33
In base 3, what is -1210012122 - -12021?
-1210000101
In base 3, what is 10 + 1102121022121?
1102121022201
In base 16, what is 194 - 7891?
-76fd
In base 7, what is 1312 + 104464?
106106
In base 6, what is 1401403 + -121?
1401242
In base 5, what is 14441043341 + -3?
14441043333
In base 9, what is -2747 + 1634135?
1631277
In base 2, what is 11000000110110000011000101 + 0?
11000000110110000011000101
In base 6, what is -1322 - -1043143?
1041421
In base 14, what is 1 + -164474db?
-164474da
In base 10, what is 360188187 + -4?
360188183
In base 15, what is 13b + 8e39?
9075
In base 8, what is -664 - 343?
-1227
In base 13, what is -108c675 - -c7?
-108c57b
In base 15, what is 2 + 21b1bb?
21b1bd
In base 6, what is 220 + -30551243?
-30551023
In base 10, what is -107 - 2450853?
-2450960
In base 5, what is -1103101124 + -3?
-1103101132
In base 15, what is 3ca + -6e75?
-6a9a
In base 7, what is 1 - 421423365?
-421423364
In base 5, what is -1400 + -132243?
-134143
In base 2, what is -10011 - 10011001000000001110?
-10011001000000100001
In base 6, what is 333152 + -254001?
35151
In base 5, what is -1011400041 + 4?
-1011400032
In base 10, what is -210 - 60886?
-61096
In base 12, what is 1415453bb - 1?
1415453ba
In base 16, what is 74116d - 2?
74116b
In base 9, what is -26 + -12143165?
-12143202
In base 16, what is -1 - d9643?
-d9644
In base 10, what is 535927 - 43?
535884
In base 16, what is 0 - 792fc?
-792fc
In base 12, what is 72 + -225894?
-225822
In base 4, what is 1001003013333 + -12?
1001003013321
In base 11, what is 973606a5 - -1?
973606a6
In base 8, what is -22745 - 143270?
-166235
In base 10, what is 45285799 - -5?
45285804
In base 4, what is -21 - -23311311131?
23311311110
In base 7, what is -102365465 + -20?
-102365515
In base 15, what is -4be - -4261?
3c92
In base 2, what is 10110100101 - 10010111111?
11100110
In base 11, what is 17a12 + 58?
17a6a
In base 12, what is 2147 - -1727a?
19405
In base 16, what is 1de2a - 2ce?
1db5c
In base 15, what is 2 + 169c0d7?
169c0d9
In base 3, what is 1002001202102200100 - 0?
1002001202102200100
In base 7, what is -221 - 1154542?
-1155063
In base 8, what is -577603427 + -4?
-577603433
In base 14, what is 1 - -31c870?
31c871
In base 15, what is -465da503 + 1?
-465da502
In base 9, what is 110 - -41272?
41382
In base 15, what is e0 + -c54e?
-c45e
In base 8, what is -1034364240 - -5?
-1034364233
In base 10, what is -5 - -147316783?
147316778
In base 14, what is -4 + 389c2508?
389c2504
In base 15, what is 37aa776 + -5?
37aa771
In base 14, what is -309 - -1069c4?
1066b9
In base 12, what is -453 + -25b7?
-2a4a
In base 3, what is -2 - 2202011220211?
-2202011220220
In base 14, what is -c6 - 6921?
-6a07
In base 10, what is 4 - 7079987?
-7079983
In base 2, what is 111011110110010 - 10000001010?
111001110101000
In base 5, what is 410142301320 + 20?
410142301340
In base 14, what is -12c40a2 - 11?
-12c40b3
In base 2, what is -1011100111 + -1110010101101011?
-1110100001010010
In base 3, what is -120 - 1200222111200021?
-1200222111200211
In base 2, what is 1010111000001110011011 - -110011?
1010111000001111001110
In base 2, what is -1100011 + -11101010001100?
-11101011101111
In base 15, what is 708 + 16899?
170a2
In base 2, what is -1001111011010110101101000 - 11?
-1001111011010110101101011
In base 10, what is 6 + 60136884?
60136890
In base 6, what is -232521 - 1155?
-234120
In base 6, what is -1304 - -11340453?
11335145
In base 13, what is -302721 - -b9?
-302635
In base 8, what is -25 + -34547112?
-34547137
In base 11, what is -14941 - 8744?
-22585
In base 2, what is 1000010011010 - 110100110?
111011110100
In base 2, what is 111100000 - -11100010010100?
11101001110100
In base 9, what is 10 + -1635405?
-1635385
In base 16, what is b134 - -2d?
b161
In base 5, what is 104420 - -1202320?
1312240
In base 12, what is -27a614512 - -4?
-27a61450a
In base 6, what is -1101 + 2331403?
2330302
In base 16, what is 20a8 + d98?
2e40
In base 16, what is -45 + 44d01?
44cbc
In base 14, what is -1840 + 6486?
4a46
In base 12, what is 3606 - -22624?
2602a
In base 12, what is 15711 - 89?
15644
In base 3, what is -121210 - 10002110211?
-10010002121
In base 14, what is -121 + -62860a?
-62872b
In base 11, what is -2118 - 13956?
-15a73
In base 8, what is 15264413 - -21?
15264434
In base 12, what is -27 - 54969a9?
-5496a14
In base 15, what is -ba1 + 12be6?
12045
In base 5, what is 422224210 + 1?
422224211
In base 16, what is -118d23 + -5?
-118d28
In base 12, what is -10a655 - -6a?
-10a5a7
In base 4, what is 1122121 + -2330232?
-1202111
In base 12, what is 9b3 + 4b383?
50176
In base 7, what is -200 + 346036?
345536
In base 16, what is -11 - 428c?
-429d
In base 7, what is 66355650 - -236?
66356216
In base 2, what is -100000000010000010110001 + -10?
-100000000010000010110011
In base 13, what is 4 + 3cb8c2?
3cb8c6
In base 4, what is -2113220 - 210210?
-2330030
In base 15, what is -d97388 - 4?
-d9738c
In base 10, what is -2867127 - 0?
-2867127
In base 6, what is 535 - 21340242?
-21335303
In base 6, what is -2553 - -5540125?
5533132
In base 4, what is -33312001023020 + 11?
-33312001023003
In base 13, what is -63 + -857758?
-8577bb
In base 10, what is 11452979 - -2?
11452981
In base 14, what is 2435074 + 2?
2435076
In base 7, what is 3656054 + 20?
3656104
In base 10, what is -83251 - -25?
-83226
In base 3, what is 1 + -1000100222222220?
-1000100222222212
In base 8, what is 15335 - 1751?
13364
In base 12, what is -ab - -105a108?
105a019
In base 12, what is a80 - -b9795?
ba655
In base 2, what is 0 - -100000011001110010010001000?
100000011001110010010001000
In base 6, what is 241 + 10010055?
10010340
In base 13, what is -4c1771b + 6?
-4c17715
In b